4 + 2*z**2. Calculate y(-5).
1
Let k(h) = h - 3. Let l(c) = 2*c - 1. Let s(a) = k(a) - l(a). Give s(-9).
7
Let o(h) = 2*h + 0*h + 2*h - 3*h. Let q be o(-6). Let a(w) = w - 1. Calculate a(q).
-7
Let k(v) be the third derivative of v**5/20 - v**4/8 + v**3/3 + 4*v**2. Determine k(2).
8
Let k(h) = 5*h**2 - 2*h - 1 + 8*h**3 - 4*h**2 + 7*h - 6*h. Determine k(-1).
-7
Let c(z) = -10*z**3 + 31*z**2 + 8*z + 30. Let i(f) = 3*f**3 - 10*f**2 - 3*f - 10. Let t(b) = 2*c(b) + 7*i(b). Determine t(9).
26
Let k(h) be the third derivative of -1/6*h**3 + 1/30*h**5 - 2*h**2 - 1/15*h**6 + 0 + 0*h**4 + 0*h. Let y = -3 - -4. Give k(y).
-7
Let b be 0 + (-1)/1*(2 + 0). Let u(h) = 4*h + 3. Give u(b).
-5
Let f(k) = -2*k**3 + k**2 + 7*k - 5. Let z(b) = 4*b**3 - 2*b**2 - 15*b + 11. Let g(q) = -9*f(q) - 4*z(q). Let x = 10 + -6. Suppose x*l - 3*l = 2. Give g(l).
7
Suppose -o + 2 = 0, 2*t + 1 = 3*o + 37. Let u(f) = -t*f**3 + 1 - f + 3*f + 13*f**3. What is u(-1)?
7
Let a(p) = p - 3 + 3 - 2. Suppose -y + 4*y = n - 3, -3*n + 5*y = -13. Calculate a(n).
4
Let l(z) = -z**2 - 6*z + 13. Let n(d) = d**2 + 5*d - 13. Let k(c) = -6*l(c) - 7*n(c). Determine k(0).
13
Let j(r) = -r**2 - 6*r - 8. Suppose 6*m - 3*m + 3*g = -24, -5*g - 28 = 3*m. Calculate j(m).
-8
Let n be (-2)/(58/(-18) - -3). Let k(i) = 53*i**3 + 9*i**2 - 9*i + 5. Let a(v) = 13*v**3 + 2*v**2 - 2*v + 1. Let p(l) = n*a(l) - 2*k(l). Determine p(-1).
-12
Let m = 15 - 7. Let i be 4/m*(-11 + -1). Let l = 3 + i. Let w(q) = q**2 + 3*q + 4. Give w(l).
4
Let f be (2/4)/(2/20). Let s(j) be the third derivative of -j**4/24 + 7*j**3/6 - j**2. Give s(f).
2
Let c(f) = 1254*f**3 - 1253*f**3 + 0*f**2 - 4 - 3*f**2 + f + 5. Determine c(3).
4
Let o(n) = n**3 - 6*n**2 - 3. Suppose -k - 34 = -5*x - 3*k, -k = x - 8. Give o(x).
-3
Let g(t) = 3*t**2 + 4*t + 2. Let h be g(-2). Let a be (0 - 0)*h/(-6). Let z(o) = o + 6. Calculate z(a).
6
Let c(g) = -g**2 + g**3 + 0 - 3 + 2 + 4 - 4*g. Calculate c(2).
-1
Let i(o) be the third derivative of o**6/720 + 13*o**5/120 + o**4/8 - o**2. Let s(u) be the second derivative of i(u). What is s(-6)?
7
Let f(w) = w**3 - w**2 - w + 2. Suppose -2*x - 2 = -6. What is f(x)?
4
Let x(s) = s**3 + 4*s**2 + 2*s + 2. Let d(y) = y + 7. Let n be d(-11). Determine x(n).
-6
Let f be (-5)/12*4/(-10). Let j(v) be the second derivative of 0 - f*v**3 - 2*v - v**2. Calculate j(-2).
0
Suppose -4*o - 4*m = -6*m, -5*m - 20 = 0. Let k = o - -6. Let z(u) be the first derivative of -u**2/2 + 4*u - 1. Calculate z(k).
0
Let l(q) be the third derivative of q**6/240 + q**5/120 + q**4/4 - 4*q**2. Let g(o) be the second derivative of l(o). Suppose 3*z + 8 = 2. Determine g(z).
-5
Let l be 6*((-2)/4 + 1). Let h(t) = t**2 - 5*t + 3*t**3 + 4*t + 8 - 5*t**3 + l*t**3. What is h(0)?
8
Let l(t) = t**2 - 6*t - 5. Let n be (2/4)/(2/8). Suppose 3*a + 5*x - 28 = 55, 3*a - n*x = 55. Let v be a/4 - 2/8. Give l(v).
-10
Suppose 0 = -4*i - 5*o + 24, 5*i - 2*o + 7 = o. Suppose -g = -1 - i. Let y(p) = -3 + p + g + 5. Calculate y(-4).
0
Suppose i = 2*l, 4*l - 18 = 7*i - 2*i. Let m(v) = -v**2 - 4*v + 7. Calculate m(i).
-5
Let l(z) be the first derivative of 1/4*z**4 + 3*z**2 - 7/3*z**3 + 2 + 3*z. Let s(v) = v**2 + 6. Let n be s(0). Calculate l(n).
3
Suppose -3*h = -2*v - 17, 4*v - 1 = -5*h - 2. Let n(m) = m**2 + 3*m + 5. Determine n(v).
9
Let y(z) = 6*z - z**2 - 3*z**2 + 4 - z**2 - z**3. Let t be y(-6). Let d(q) = 0*q**2 - 3*q**2 - q + t*q**2 - 4. Calculate d(-3).
8
Let i(n) = -n**3 + 2*n**2 - n + 1. Let o be i(1). Let x(f) = 8*f. Calculate x(o).
8
Let d(i) = i - 8. Let g be d(11). Suppose 5*y + 35 = 5*j, -5*y - 14 = 4*j + g. Let r(f) = -6*f**2 + 1 - 2 + j + 0*f + f. What is r(-1)?
-6
Suppose 2*d = -2*s - 4, -4*s + 1 - 17 = -4*d. Let c(o) = -9*o**2 + o - 1. Calculate c(d).
-9
Let n(h) = 7*h**2 + 11*h - 7. Let g(c) = -c**2 - c + 1. Let v(x) = -6*g(x) - n(x). Let u(j) = j**2 - 12*j - 11. Let z be u(13). Let d = z + -5. Calculate v(d).
7
Let h(i) be the first derivative of -i**3/6 + 5*i**2/2 - 2*i - 2. Let u(t) be the first derivative of h(t). Determine u(5).
0
Let a(y) = -4*y**2 + y + 1. Let b(r) = 7*r**2 - r - 3. Let h(j) = -j**2 + 7*j - 3. Let f be h(6). Let v(c) = f*b(c) + 5*a(c). Let u = -6 + 3. Calculate v(u).
-1
Let m(n) = -n - 9. Let x be m(-8). Let o = -6 - x. Let p(l) = 6 - l**2 + 2*l**2 + 9*l - 4*l. Determine p(o).
6
Let h(b) = -6*b + 3. Let u(s) be the third derivative of -s**4/6 + s**3/3 - s**2. Let m(w) = 5*h(w) - 8*u(w). Let k = 4 - 3. Calculate m(k).
1
Let p(j) = -2*j**2 - 5*j + 11. Let v(w) = -w**2 - 2*w + 6. Let t(z) = -3*p(z) + 5*v(z). Determine t(-6).
3
Let a(n) be the third derivative of n**4/24 - 2*n**2. What is a(0)?
0
Let i(b) = b + 2. Let u be (-368)/69*((-10)/4 + 1). Give i(u).
10
Let t(o) be the third derivative of -o**6/120 - o**5/30 + o**4/8 - 2*o**3/3 - 2*o**2. Determine t(-3).
-4
Let f(z) = -z**3 + 3*z**2 + 4. Let q be f(3). Let x be (21/(-6) - -3)*q. Let y(o) = -o - 1. What is y(x)?
1
Let z(n) be the third derivative of 0 + 3*n**2 - 2/15*n**5 + 1/4*n**4 + 0*n + 1/3*n**3 + 1/120*n**6. Let q be z(7). Let o(u) = u - 2. Determine o(q).
-7
Let d(o) = -o**3 + 6*o**2 - 21*o**2 - 9 + 8*o**2 - 9*o. Determine d(-6).
9
Let j be 12/5 + (-4)/10. Suppose 4*v = -16, 4*v - 2*v + 2 = -j*k. Let q(m) = m + 4. Give q(k).
7
Let i(f) be the second derivative of -5*f**3/6 + 3*f**2/2 - 28*f. Give i(-4).
23
Let i(w) = -21*w + 1 + 2 - 4 + 0. What is i(-1)?
20
Let t(y) = y**3 + 3*y**2 + y - 2. Let i be -3 + 1 + -4 + 3. What is t(i)?
-5
Let b(w) = -w**2 + 7*w - 7. Suppose -29*z - 30 = -35*z. What is b(z)?
3
Let d = -2 + 3. Let a be 3/(-2 - d) + 2. Let k(q) = 2*q**2 + q - 1. Calculate k(a).
2
Let m be 4/6*9/6. Let i be (1/m + -1)*-1. Suppose i = -2*c - 4 - 4. Let p(u) = u**3 + 4*u**2 + u. Determine p(c).
-4
Let j(b) = 35*b**3 + 2*b**2 + 2*b - 11. Let k(z) = 17*z**3 + z**2 + z - 5. Let p(t) = -4*j(t) + 9*k(t). Calculate p(1).
14
Let s = -12 - -20. Suppose -s = -3*g - g. Let f(m) = 3*m**2 - 2*m + 3. Calculate f(g).
11
Suppose -18*x = -16*x + 4. Let b(l) = l**3 + l**2 + 2*l + 1. Calculate b(x).
-7
Suppose 2*q + 5 - 13 = 0. Suppose i = 5*i + q. Let c(r) be the second derivative of 2*r**4/3 + r**3/3 + r**2/2 - 5*r. Give c(i).
7
Let c(h) = 2*h + h - 4*h - h. Let x(y) = y + 6. Let z be x(0). Give c(z).
-12
Let l(y) = y**2 + 6*y + 3. Let m = -4 - -1. Let d = 4 + m. Let o be (-4)/(-4) + d*-5. Determine l(o).
-5
Let m(v) = -v**2 + 5*v + 3. Suppose 26 = 4*q + 3*l, 6*q + 5*l - 35 = q. Let s be m(q). Let a be 5 + -4 + -1*s. Let u(z) = z**3 + z**2 - 3*z - 1. Calculate u(a).
1
Suppose -g - 3*t = -6, -2*t = -g - 4*g + 30. Let k = g + -8. Let f(y) = y**3 + 4*y**2 + 2*y - 2. What is f(k)?
2
Let u be ((-3)/(-1))/((-4 + 5)*1). Let c(m) = 8*m - 11. Let x(o) = 3*o - 4. Let h(w) = 6*c(w) - 17*x(w). Give h(u).
-7
Let p(m) = -m**2 + 9*m - 2. Suppose 2*q = -3*q + 35. Give p(q).
12
Let j(l) be the third derivative of -l**6/120 - l**4/8 - 5*l**2. Let h(b) be the second derivative of j(b). What is h(-1)?
6
Let t be (2/2 - -6)/((-5)/(-5)). Let h(l) = 2*l - 7. What is h(t)?
7
Let h(y) = -y**3 + 6*y**2 - 6*y + 4. Suppose -3*d = 2*a, 4*a - d = -0*d. Suppose w + a = 5. Calculate h(w).
-1
Let q(i) = -i**3 + 6*i**2 - 5*i + 2. Suppose 3*h + 5 = 4*j, j + 15 = -0*h + 4*h. Calculate q(h).
2
Let d(n) = n - 4. Let v = -23 + 27. Calculate d(v).
0
Let r be (-4)/(-10) + (234/30)/3. Let z = -5 + 7. Let h(m) = m**3 - r + 3 - 6*m + z + 4 + 4*m**2. Determine h(-5).
11
Let r(c) be the first derivative of c**3 - 3/2*c**2 - 3 - 1/4*c**4 + 3*c. Calculate r(3).
-6
Let g(x) = 111*x + x**2 + 1 + 117*x - 233*x. Let y = 15 + -10. Determine g(y).
1
Let b(l) = -4*l**3 - 1. Let y be (-1 - -3 - 3)/(-1 - -2). Give b(y).
3
Let p(f) = -f**2 - 5*f + 6. Let o be p(-5). Let w(c) = -c**3 + 7*c**2 - 8*c + 2. Calculate w(o).
-10
Suppose -5*z = 2*x - 0*z + 26, 0 = -5*z - 20. Let j(t) = t. Calculate j(x).
-3
Let t = -3 - -7. Let y(i) = -4*i - 2*i - 5*i + i**2 + 4 + t*i. Suppose -5*h + 7 + 8 = 0. Determine y(h).
-8
Let a = -102 + 92. Let j(z) = -z**2 - 11*z - 1. Determine j(a).
9
Let s(u) = -u + 7. Let a(l) = -2*l + 5. Let b(c) = -3*c + 8. Let k(n) = 8*a(n) - 5*b(n). Let j(t) = 2*k(t) - s(t). Calculate j(-3).
-4
Suppose 0*a - 30 = 5*a. Let h(x) = x**2 + 5*x - 1. Determine h(a).
5
Let f(m) = -m**2 - 5*m + 3. Let v(i) = 2*i**3 + 4*i**2 + 4